 of n and x.
13
Let g(l) = 6*l**2 - 8*l + 10. Let o be g(2). Let i(h) = -h**2 - 6*h - 3. Let u be i(-8). Let t be u/(-1*3/o). Calculate the highest common divisor of 76 and t.
38
Suppose -3*f = 3*c - 153, -72 = -2*c + 81*f - 78*f. What is the greatest common factor of c and 720?
45
Suppose 1165 = -4*l - 1435. Let n = l - -369. Let t = n + 505. What is the greatest common factor of 28 and t?
28
Let s be (2 + 0)*(-2)/(-4). Let t = 104 - 106. Let y be (63 - s)*-1*(t - -1). Calculate the highest common divisor of y and 31.
31
Let t = -7 + -1. Let m = t + 23. Let i = m - 3. Calculate the greatest common divisor of i and 12.
12
Let c = 2789 - 2777. What is the highest common factor of c and 852?
12
Let k(c) = -4*c + 22. Let y be k(9). Let q(v) = 2*v**2 + 19*v - 2. Let u be q(y). What is the greatest common factor of 93 and u?
31
Let u(q) = -36*q + 3894. Let z be u(34). Calculate the greatest common factor of 356 and z.
178
Let p(i) = -43*i**2 + 573*i + 7. Let m be p(13). Calculate the greatest common divisor of m and 343.
7
Suppose 0 = 4*y + p + 1387, -4*y - 4*p = -3*y + 343. Let a = y - -767. Suppose n + 4*n = a. What is the greatest common divisor of n and 12?
12
Let i(b) = -114*b - 1352. Let n be i(-12). What is the highest common divisor of n and 240?
16
Let o(q) = 139*q - 6618. Let y be o(48). Calculate the highest common factor of y and 414.
18
Suppose -9*g = 5 - 59. Suppose 3*o - g*p + 7*p - 49 = 0, 5*o - 75 = -3*p. Calculate the greatest common divisor of 117 and o.
9
Suppose 5*k - 4*x - 41722 = 0, -49*k + 52*k - 25040 = -x. Calculate the greatest common divisor of 6 and k.
6
Let b be (0 + 2)*(0 - 27). Let k = 4932 - 4874. Let s = b + k. What is the highest common divisor of s and 44?
4
Let q = -46 + 112. Let d = -90756 - -90921. Calculate the highest common divisor of d and q.
33
Suppose -75*l + 81*l = 3912. Suppose -35*r + 118 = -l. What is the greatest common factor of 187 and r?
11
Suppose 2*d + 6 = 5*b, 65 = -5*d + 100. What is the highest common divisor of b and 1234?
2
Let k(i) = 2*i**2 + i - 13. Let m = 68 + -68. Let d be k(m). Let c = d + 52. What is the greatest common divisor of c and 13?
13
Let a(c) = -15*c + 130. Let n be a(7). Suppose -5*y - n*y = -510. Calculate the highest common factor of y and 782.
17
Let w(p) = -p**3 + 64*p**2 - 226*p - 64. Let d be w(60). What is the highest common factor of 56 and d?
8
Let h = 11133 + -10978. Calculate the greatest common factor of h and 5611.
31
Suppose 0*y - 5 = s + 5*y, -4*y = -2*s + 18. Suppose s*u - 57 = 4*w + 71, 4*u - 4*w = 100. Let f = 34 - u. Calculate the greatest common divisor of f and 24.
6
Let h = -3358 + 3682. Calculate the highest common factor of h and 396.
36
Let q = -501 - -561. Suppose c + 3*x + 31 = 0, -4*c + 5*x = -0*c + 107. Let v = 40 + c. What is the greatest common divisor of v and q?
12
Let c(a) be the second derivative of a**4/12 - 5*a**3/3 - 55*a**2/2 + 60*a. Let t be c(-5). What is the highest common factor of 940 and t?
20
Let m(u) = -4*u**3 + 45 - 2*u - 7*u**3 + 10*u**3 - 3*u**2 + 25. Let s be m(0). Calculate the greatest common factor of 28 and s.
14
Let n = 698 + -681. Let f be ((-1)/5)/(n/(-1955)). What is the highest common divisor of f and 184?
23
Let u be (1 - 134/6)*-3. Let w(b) = 53*b + 14. Let j be w(7). Suppose -4*f - 6*a + 5*a = -j, -3*f + 2*a = -286. Calculate the greatest common factor of f and u.
32
Let g = -809 + 897. What is the greatest common divisor of 176 and g?
88
Let b = -11571 - -11846. Let l(x) = 26*x - 1. Let p(h) = -h. Let j(w) = -l(w) - 2*p(w). Let c be j(-1). What is the greatest common factor of b and c?
25
Let m(a) = a + 1. Let n(i) = 5*i + 17. Let d(h) = -6*m(h) + n(h). Let g be d(7). What is the greatest common factor of g and 40?
4
Let j be (-7 + 2)*2/(-5)*-1. Let u be (0 - j/2)*(35 - 10). What is the greatest common divisor of 25 and u?
25
Let h be (18/(-20) - 2/(-5))*8. Let a be h/7 + (4 - (-319)/7). Calculate the greatest common divisor of a and 28.
7
Let k be 4/6*174/4. Let y be ((-36)/30)/(-3)*45/6. Suppose 0 = -5*t - 4*f + 1575, 0 = 4*t + y*f - 707 - 554. Calculate the greatest common divisor of k and t.
29
Suppose -49 - 23 = -2*y. Suppose -312*t - 344 = -7832. Calculate the highest common factor of t and y.
12
Suppose -r + 1 = -0, 4*o = -4*r + 60. What is the greatest common factor of o and 2758?
14
Let x be 23 + (-6)/9*-6. Suppose 0 = 4*v, 0*v + x = m + 3*v. Suppose -5*k + 216 = -4*k. Calculate the highest common divisor of m and k.
27
Let h = -1378 - -1384. What is the greatest common factor of 1698 and h?
6
Let y(f) be the second derivative of 26*f**3/3 - 6*f**2 + 18*f. Let c be y(3). Let m be ((-32)/24)/(2/(-27)). Calculate the highest common factor of m and c.
18
Suppose -16004 = -15*w - 1079. What is the highest common divisor of w and 2189?
199
Let n = 8 - 5. Suppose p = n*s - 2, -4 = 3*s + s + 2*p. Suppose -d + 5*z = -42, -2*z + 4*z = s. Calculate the highest common divisor of 168 and d.
42
Let u(r) = 131*r**2 - 885*r + 3545. Let s be u(4). What is the highest common divisor of s and 1719?
191
Let h(d) be the first derivative of 2*d**3/3 + 7*d**2/2 + 17*d + 17. Let y be h(-3). Calculate the greatest common factor of y and 42.
14
Let c be 32/(-16) + (-77)/(-7). What is the highest common factor of c and 40?
1
Let c be (-1)/6 + (-17 - (-8460)/216). Let a = -9 - -20. Calculate the highest common divisor of a and c.
11
Let i be (526 + 12/2)/(7/84). What is the highest common factor of i and 24?
24
Let n = 2460 + -348. Let h be (-4)/(-5) - (4 + n/(-60)). What is the highest common factor of h and 56?
8
Let c(t) = t**2 + 2*t - 1. Let k(p) = p**3 - 7*p**2 + 19*p + 6. Let m(n) = 6*c(n) - k(n). Let u be m(12). Calculate the highest common divisor of 176 and u.
16
Suppose 43*x = 3469 - 545. Let p = x + 355. What is the greatest common divisor of p and 9?
9
Let l(f) = f**3 + 8*f**2 + 6*f + 13. Let b be l(-3). Suppose -b = 9*g - 14*g. What is the greatest common divisor of g and 6?
2
Suppose -2*i = -1515 + 869. What is the greatest common factor of 247 and i?
19
Let h be (-10)/(-80) - (3 - (-183)/(-8)). Suppose 4*z - 4*r - 740 = -z, -h = 4*r. What is the highest common divisor of z and 45?
9
Let n be 7 - 1 - ((-108)/(-2))/(-3). Suppose -25*z + n*z = -133. What is the highest common factor of 209 and z?
19
Suppose 5*r + 4293 = 2*h, h - 4084*r - 2141 = -4087*r. What is the greatest common divisor of 64 and h?
32
Suppose -5*a + 20 = 0, -f + a = f. Suppose -3*m = 4*h - 34, 4*m + f*h = -0*h + 32. Let t be 12 + 2 + -7 + m. What is the highest common divisor of t and 117?
13
Let q(o) = 186*o + 102. Let z be q(3). What is the greatest common factor of 960 and z?
60
Let b be (-5 - (-39)/6)/((-3)/(-6)). Suppose 0 = -b*m - 2*m + 315. What is the greatest common divisor of m and 18?
9
Let n be (-6)/(-6) + (12/54 - (-2915)/45). What is the greatest common factor of 363 and n?
33
Let t = -9 - -13. Suppose -9 = -5*o - t. Suppose q = 4*n - 13, -5*q + q + n = -8. What is the greatest common divisor of q and o?
1
Let v(l) = l**3 - 6*l**2 + 2*l - 30. Let n be 31 - 36 - (-12)/2*2. Let f be v(n). Let a = -12 + 23. Calculate the greatest common factor of f and a.
11
Let a = 345 + -265. Suppose -3*p - 22 = -b - 7, -3*b + 2*p = -a. What is the highest common divisor of 12 and b?
6
Suppose -129024 = -297*h + 273*h. What is the greatest common factor of h and 21?
21
Let a = -12 + 14. Suppose 3*d + 15 = a*d + 3*x, -4*d = x - 5. Suppose 2*s - 8*f + 3*f - 15 = d, 5 = 2*s + 5*f. Calculate the highest common divisor of s and 60.
5
Let u = 283 - 108. Calculate the greatest common factor of 4375 and u.
175
Let w = 9325 - 9282. What is the greatest common divisor of 559 and w?
43
Suppose -2*m = -6 - 0, -3*d + 39 = 4*m. Let q = 18 + -17. Let u be (-4)/(-2)*(d/2)/q. What is the highest common divisor of u and 36?
9
Let j be 0/(-3)*(5 + -6). Suppose -21 - 3 = -6*z. Suppose 4*g - z*q - 20 = j, g - q = -3*g + 29. Calculate the greatest common factor of 8 and g.
8
Let t(g) = 100*g - 394. Let y be t(4). Calculate the greatest common divisor of 258 and y.
6
Suppose 0*q - 3*q + 192 = 3*s, -5*s + 313 = -2*q. Suppose -3*f - 4 + 158 = -4*d, -3*f + 3*d + 147 = 0. Calculate the highest common factor of s and f.
21
Let o = 75 - 35. Let x(b) = 2*b**3 - 15*b**2 + 4*